{"id":7334,"date":"2025-02-21T10:19:48","date_gmt":"2025-02-21T10:19:48","guid":{"rendered":"https:\/\/www.omovimento.com.br\/jornal\/?page_id=7334"},"modified":"2025-02-21T10:19:48","modified_gmt":"2025-02-21T10:19:48","slug":"principios-editoriais","status":"publish","type":"page","link":"https:\/\/www.omovimento.com.br\/jornal\/principios-editoriais\/","title":{"rendered":"Princ\u00edpios Editoriais"},"content":{"rendered":"<p data-start=\"0\" data-end=\"254\">Os <strong data-start=\"3\" data-end=\"28\">Princ\u00edpios Editoriais<\/strong> de um jornal s\u00e3o as diretrizes que orientam sua linha editorial, garantindo credibilidade, imparcialidade e compromisso com a verdade. Embora possam variar entre diferentes ve\u00edculos, geralmente incluem os seguintes pilares:<\/p>\n<h3 data-start=\"256\" data-end=\"294\"><strong data-start=\"260\" data-end=\"292\">1. Compromisso com a Verdade<\/strong><\/h3>\n<p data-start=\"295\" data-end=\"438\">O jornal deve buscar a precis\u00e3o e a veracidade das informa\u00e7\u00f5es, verificando fontes e evitando a dissemina\u00e7\u00e3o de not\u00edcias falsas ou enganosas.<\/p>\n<h3 data-start=\"440\" data-end=\"476\"><strong data-start=\"444\" data-end=\"474\">2. Independ\u00eancia Editorial<\/strong><\/h3>\n<p data-start=\"477\" data-end=\"657\">A linha editorial n\u00e3o deve ser influenciada por interesses pol\u00edticos, econ\u00f4micos ou de anunciantes. A autonomia jornal\u00edstica \u00e9 essencial para garantir a credibilidade do ve\u00edculo.<\/p>\n<h3 data-start=\"659\" data-end=\"699\"><strong data-start=\"663\" data-end=\"697\">3. Imparcialidade e Equil\u00edbrio<\/strong><\/h3>\n<p data-start=\"700\" data-end=\"875\">As reportagens devem apresentar diferentes pontos de vista sobre um tema, permitindo que o leitor forme sua pr\u00f3pria opini\u00e3o com base em informa\u00e7\u00f5es completas e equilibradas.<\/p>\n<h3 data-start=\"877\" data-end=\"922\"><strong data-start=\"881\" data-end=\"920\">4. Transpar\u00eancia e Responsabilidade<\/strong><\/h3>\n<p data-start=\"923\" data-end=\"1068\">O jornal deve ser transparente sobre seus m\u00e9todos de apura\u00e7\u00e3o, admitir erros quando necess\u00e1rio e publicar corre\u00e7\u00f5es de forma clara e acess\u00edvel.<\/p>\n<h3 data-start=\"1070\" data-end=\"1128\"><strong data-start=\"1074\" data-end=\"1126\">5. Respeito aos Direitos Humanos e \u00e0 Diversidade<\/strong><\/h3>\n<p data-start=\"1129\" data-end=\"1283\">O conte\u00fado deve respeitar os direitos fundamentais, promovendo a diversidade de opini\u00f5es, culturas e perspectivas, sem incita\u00e7\u00e3o ao \u00f3dio ou preconceito.<\/p>\n<h3 data-start=\"1285\" data-end=\"1328\"><strong data-start=\"1289\" data-end=\"1326\">6. Interesse P\u00fablico e Relev\u00e2ncia<\/strong><\/h3>\n<p data-start=\"1329\" data-end=\"1453\">As pautas devem priorizar temas de interesse coletivo, contribuindo para a forma\u00e7\u00e3o de cidad\u00e3os cr\u00edticos e bem informados.<\/p>\n<h3 data-start=\"1455\" data-end=\"1504\"><strong data-start=\"1459\" data-end=\"1502\">7. Sigilo da Fonte e \u00c9tica Profissional<\/strong><\/h3>\n<p data-start=\"1505\" data-end=\"1660\">O jornalismo deve respeitar o sigilo das fontes quando necess\u00e1rio e agir de acordo com princ\u00edpios \u00e9ticos para proteger a integridade de suas reportagens.<\/p>\n<input type=\"hidden\" id=\"baseurl\" value=\"https:\/\/www.omovimento.com.br\/jornal\"><input type=\"hidden\" id=\"audio_nonce\" value=\"fc9a0fb5f4\">","protected":false},"excerpt":{"rendered":"<p>Os Princ\u00edpios Editoriais de um jornal s\u00e3o as diretrizes que orientam sua linha editorial, garantindo credibilidade, imparcialidade e compromisso com a verdade. Embora possam variar entre diferentes&hellip;<\/p>\n","protected":false},"author":1,"featured_media":7335,"parent":0,"menu_order":0,"comment_status":"closed","ping_status":"closed","template":"","meta":{"footnotes":""},"class_list":["post-7334","page","type-page","status-publish","has-post-thumbnail","hentry"],"_links":{"self":[{"href":"https:\/\/www.omovimento.com.br\/jornal\/wp-json\/wp\/v2\/pages\/7334","targetHints":{"allow":["GET"]}}],"collection":[{"href":"https:\/\/www.omovimento.com.br\/jornal\/wp-json\/wp\/v2\/pages"}],"about":[{"href":"https:\/\/www.omovimento.com.br\/jornal\/wp-json\/wp\/v2\/types\/page"}],"author":[{"embeddable":true,"href":"https:\/\/www.omovimento.com.br\/jornal\/wp-json\/wp\/v2\/users\/1"}],"replies":[{"embeddable":true,"href":"https:\/\/www.omovimento.com.br\/jornal\/wp-json\/wp\/v2\/comments?post=7334"}],"version-history":[{"count":1,"href":"https:\/\/www.omovimento.com.br\/jornal\/wp-json\/wp\/v2\/pages\/7334\/revisions"}],"predecessor-version":[{"id":7337,"href":"https:\/\/www.omovimento.com.br\/jornal\/wp-json\/wp\/v2\/pages\/7334\/revisions\/7337"}],"wp:featuredmedia":[{"embeddable":true,"href":"https:\/\/www.omovimento.com.br\/jornal\/wp-json\/wp\/v2\/media\/7335"}],"wp:attachment":[{"href":"https:\/\/www.omovimento.com.br\/jornal\/wp-json\/wp\/v2\/media?parent=7334"}],"curies":[{"name":"wp","href":"https:\/\/api.w.org\/{rel}","templated":true}]}}