{"id":2589,"date":"2024-07-23T10:17:48","date_gmt":"2024-07-23T10:17:48","guid":{"rendered":"https:\/\/www.omovimento.com.br\/jornal\/?page_id=2589"},"modified":"2024-07-24T10:34:39","modified_gmt":"2024-07-24T10:34:39","slug":"produtos-servicos","status":"publish","type":"page","link":"https:\/\/www.omovimento.com.br\/jornal\/produtos-servicos\/","title":{"rendered":"Produtos &#038; Servi\u00e7os"},"content":{"rendered":"<p style=\"text-align: center;\"><span style=\"font-size: 14pt; font-family: verdana, geneva, sans-serif;\"><strong>Pet Shop<\/strong><\/span><\/p>\n<p style=\"text-align: center;\"><span style=\"font-family: verdana, geneva, sans-serif;\"><strong><span style=\"font-size: 14pt;\">Sal\u00e3o de Belezas<\/span><\/strong><\/span><\/p>\n<p style=\"text-align: center;\"><span style=\"font-family: verdana, geneva, sans-serif;\"><strong><span style=\"font-size: 14pt;\">Cl\u00ednicas de Est\u00e9ticas<\/span><\/strong><\/span><\/p>\n<p style=\"text-align: center;\"><span style=\"font-family: verdana, geneva, sans-serif; font-size: 14pt;\"><strong>Cabeleireiras<\/strong><\/span><\/p>\n<p style=\"text-align: center;\"><span style=\"font-size: 14pt; font-family: verdana, geneva, sans-serif;\"><strong>Gastronomia<\/strong><\/span><\/p>\n<p style=\"text-align: center;\"><span style=\"font-family: verdana, geneva, sans-serif;\"><strong><span style=\"font-size: 14pt;\">Distribuidoras de \u00c1gua e G\u00e1s<\/span><\/strong><\/span><\/p>\n<p style=\"text-align: center;\"><span style=\"font-family: verdana, geneva, sans-serif; font-size: 14pt;\"><strong>Manicures<\/strong><\/span><\/p>\n<p style=\"text-align: center;\"><a href=\"https:\/\/www.omovimento.com.br\/jornal\/mecanica-auto-pecas\/\"><strong><span style=\"font-size: 14pt; font-family: verdana, geneva, sans-serif;\">Mec\u00e2nica &amp; Auto Pe\u00e7as<\/span><\/strong><\/a><\/p>\n<p>&nbsp;<\/p>\n<input type=\"hidden\" id=\"baseurl\" value=\"https:\/\/www.omovimento.com.br\/jornal\"><input type=\"hidden\" id=\"audio_nonce\" value=\"cdd3d02c85\">","protected":false},"excerpt":{"rendered":"<p>Pet Shop Sal\u00e3o de Belezas Cl\u00ednicas de Est\u00e9ticas Cabeleireiras Gastronomia Distribuidoras de \u00c1gua e G\u00e1s Manicures Mec\u00e2nica &amp; Auto Pe\u00e7as &nbsp;<\/p>\n","protected":false},"author":1,"featured_media":2592,"parent":0,"menu_order":0,"comment_status":"closed","ping_status":"closed","template":"","meta":{"footnotes":""},"class_list":["post-2589","page","type-page","status-publish","has-post-thumbnail","hentry"],"_links":{"self":[{"href":"https:\/\/www.omovimento.com.br\/jornal\/wp-json\/wp\/v2\/pages\/2589","targetHints":{"allow":["GET"]}}],"collection":[{"href":"https:\/\/www.omovimento.com.br\/jornal\/wp-json\/wp\/v2\/pages"}],"about":[{"href":"https:\/\/www.omovimento.com.br\/jornal\/wp-json\/wp\/v2\/types\/page"}],"author":[{"embeddable":true,"href":"https:\/\/www.omovimento.com.br\/jornal\/wp-json\/wp\/v2\/users\/1"}],"replies":[{"embeddable":true,"href":"https:\/\/www.omovimento.com.br\/jornal\/wp-json\/wp\/v2\/comments?post=2589"}],"version-history":[{"count":9,"href":"https:\/\/www.omovimento.com.br\/jornal\/wp-json\/wp\/v2\/pages\/2589\/revisions"}],"predecessor-version":[{"id":2633,"href":"https:\/\/www.omovimento.com.br\/jornal\/wp-json\/wp\/v2\/pages\/2589\/revisions\/2633"}],"wp:featuredmedia":[{"embeddable":true,"href":"https:\/\/www.omovimento.com.br\/jornal\/wp-json\/wp\/v2\/media\/2592"}],"wp:attachment":[{"href":"https:\/\/www.omovimento.com.br\/jornal\/wp-json\/wp\/v2\/media?parent=2589"}],"curies":[{"name":"wp","href":"https:\/\/api.w.org\/{rel}","templated":true}]}}