{"id":14822,"date":"2026-01-12T17:01:27","date_gmt":"2026-01-12T17:01:27","guid":{"rendered":"https:\/\/www.omovimento.com.br\/jornal\/?page_id=14822"},"modified":"2026-02-18T14:46:05","modified_gmt":"2026-02-18T14:46:05","slug":"nota-de-falecimento","status":"publish","type":"page","link":"https:\/\/www.omovimento.com.br\/jornal\/nota-de-falecimento\/","title":{"rendered":"NOTA DE FALECIMENTO"},"content":{"rendered":"<p class=\"isSelectedEnd\" style=\"text-align: center;\"><span style=\"font-family: tahoma, arial, helvetica, sans-serif;\">\ud83d\udd4a\ufe0f<strong> NOTA DE FALECIMENTO<\/strong><\/span><\/p>\n<p class=\"isSelectedEnd\"><span style=\"font-family: tahoma, arial, helvetica, sans-serif;\">O Jornal O Movimento comunica, com profundo pesar, o falecimento da Sra. Geralda Ramos, ocorrido em Pirassununga\/SP, na segunda-feira (16), aos 61 anos.<\/span><\/p>\n<p class=\"isSelectedEnd\"><span style=\"font-family: tahoma, arial, helvetica, sans-serif;\">Filha do Sr. Jo\u00e3o Ramos e da Sra. Magn\u00f3lia Nogueira de Azevedo Ramos, deixa filhos(as), demais familiares e amigos.<\/span><\/p>\n<p class=\"isSelectedEnd\"><span style=\"font-family: tahoma, arial, helvetica, sans-serif;\">O vel\u00f3rio ocorreu no Vel\u00f3rio Municipal de Pirassununga, e o sepultamento foi realizado no Cemit\u00e9rio Municipal de Pirassununga, na ter\u00e7a-feira (17), \u00e0s 9h.<\/span><\/p>\n<p class=\"isSelectedEnd\"><span style=\"font-family: tahoma, arial, helvetica, sans-serif;\">Aos familiares e amigos, o Jornal O Movimento manifesta seus mais sinceros sentimentos e solidariedade neste momento de dor. \ud83e\udd0d<\/span><\/p>\n<p class=\"isSelectedEnd\"><span style=\"font-family: tahoma, arial, helvetica, sans-serif;\">Informa\u00e7\u00f5es: Funer\u00e1ria Dellai &amp; Pelosi.<\/span><\/p>\n<p style=\"text-align: center;\" data-start=\"0\" data-end=\"26\"><span style=\"font-family: tahoma, arial, helvetica, sans-serif;\">\ud83d\udda4 <strong data-start=\"3\" data-end=\"26\">NOTA DE FALECIMENTO<\/strong><\/span><\/p>\n<p data-start=\"0\" data-end=\"26\"><img loading=\"lazy\" decoding=\"async\" class=\"aligncenter size-full wp-image-15406\" src=\"https:\/\/www.omovimento.com.br\/jornal\/wp-content\/uploads\/2026\/02\/e9bd0e34-bd48-4ae0-b8ca-a5282cc133ce.png\" alt=\"\" width=\"1536\" height=\"1024\" srcset=\"https:\/\/www.omovimento.com.br\/jornal\/wp-content\/uploads\/2026\/02\/e9bd0e34-bd48-4ae0-b8ca-a5282cc133ce.png 1536w, https:\/\/www.omovimento.com.br\/jornal\/wp-content\/uploads\/2026\/02\/e9bd0e34-bd48-4ae0-b8ca-a5282cc133ce-300x200.png 300w, https:\/\/www.omovimento.com.br\/jornal\/wp-content\/uploads\/2026\/02\/e9bd0e34-bd48-4ae0-b8ca-a5282cc133ce-1024x683.png 1024w, https:\/\/www.omovimento.com.br\/jornal\/wp-content\/uploads\/2026\/02\/e9bd0e34-bd48-4ae0-b8ca-a5282cc133ce-768x512.png 768w\" sizes=\"auto, (max-width: 1536px) 100vw, 1536px\" \/><\/p>\n<p data-start=\"28\" data-end=\"194\"><span style=\"font-family: tahoma, arial, helvetica, sans-serif;\">O <strong data-start=\"30\" data-end=\"52\">Jornal O Movimento<\/strong> comunica, com profundo pesar, o falecimento de <strong data-start=\"100\" data-end=\"123\">Sra. SUELI DOMINGOS<\/strong>, ocorrido em Ribeir\u00e3o Preto, nesta quinta-feira (12), aos 60 anos. \ud83d\udd4a\ufe0f<\/span><\/p>\n<p data-start=\"196\" data-end=\"413\"><span style=\"font-family: tahoma, arial, helvetica, sans-serif;\">Era casada com o Sr. <strong data-start=\"217\" data-end=\"247\">S\u00e9rgio Ferreira dos Santos<\/strong>.<\/span><br data-start=\"248\" data-end=\"251\" \/><span style=\"font-family: tahoma, arial, helvetica, sans-serif;\">Deixa os filhos <strong data-start=\"267\" data-end=\"280\">Rhollyver<\/strong> e <strong data-start=\"283\" data-end=\"293\">Ingrid<\/strong>, os enteados <strong data-start=\"307\" data-end=\"318\">Rodrigo<\/strong>, <strong data-start=\"320\" data-end=\"331\" data-is-only-node=\"\">Rafaela<\/strong> e <strong data-start=\"334\" data-end=\"353\">S\u00e9rgio Henrique<\/strong>, al\u00e9m de nora, genro, netos, demais familiares e amigos. \ud83e\udd0d<\/span><\/p>\n<p data-start=\"415\" data-end=\"470\"><span style=\"font-family: tahoma, arial, helvetica, sans-serif;\">Residia na <strong data-start=\"426\" data-end=\"469\">Rua Manoel Leme Franco \u2013 Sta. Terezinha<\/strong>.<\/span><\/p>\n<p data-start=\"472\" data-end=\"659\"><span style=\"font-family: tahoma, arial, helvetica, sans-serif;\">O vel\u00f3rio ser\u00e1 realizado no <strong data-start=\"500\" data-end=\"528\">Vel\u00f3rio L\u00c9BIS \u2013 Sala VIP<\/strong>, na sexta-feira (13), a partir das <strong data-start=\"564\" data-end=\"571\">13h<\/strong>, e o sepultamento ocorrer\u00e1 \u00e0s <strong data-start=\"602\" data-end=\"609\">17h<\/strong>, no <strong data-start=\"614\" data-end=\"653\">Cemit\u00e9rio Municipal de Pirassununga<\/strong>. \u26b0\ufe0f\ud83c\udf39<\/span><\/p>\n<p data-start=\"661\" data-end=\"792\"><span style=\"font-family: tahoma, arial, helvetica, sans-serif;\">Aos familiares e amigos, o <strong data-start=\"688\" data-end=\"710\">Jornal O Movimento<\/strong> manifesta seus mais sinceros sentimentos e solidariedade neste momento de dor. \ud83d\ude4f<\/span><\/p>\n<p style=\"text-align: center;\" data-start=\"90\" data-end=\"117\">\ud83d\udd4a\ufe0f <strong data-start=\"94\" data-end=\"117\">NOTA DE FALECIMENTO<\/strong><\/p>\n<p data-start=\"119\" data-end=\"191\"><span style=\"font-family: tahoma, arial, helvetica, sans-serif;\">O <strong data-start=\"121\" data-end=\"143\">Jornal O Movimento<\/strong> comunica, com profundo pesar, o falecimento de:<\/span><\/p>\n<p data-start=\"193\" data-end=\"542\"><span style=\"font-family: tahoma, arial, helvetica, sans-serif;\">\u27a1\ufe0f <strong data-start=\"196\" data-end=\"228\">Sr. Aloisio Floriano Chenili<\/strong>, ocorrido na cidade de <strong data-start=\"252\" data-end=\"265\">Araras\/SP<\/strong>, no dia <strong data-start=\"274\" data-end=\"301\">01 de fevereiro de 2026<\/strong>, aos <strong data-start=\"307\" data-end=\"318\">80 anos<\/strong>.<\/span><br data-start=\"319\" data-end=\"322\" \/><span style=\"font-family: tahoma, arial, helvetica, sans-serif;\">Vi\u00favo, deixa filhos(as), demais parentes e amigos.<\/span><br data-start=\"372\" data-end=\"375\" \/><span style=\"font-family: tahoma, arial, helvetica, sans-serif;\">O vel\u00f3rio foi realizado no <strong data-start=\"402\" data-end=\"439\">Vel\u00f3rio Municipal de Pirassununga<\/strong>, e o sepultamento ocorreu no <strong data-start=\"469\" data-end=\"515\">Cemit\u00e9rio Parque Bom Jesus de Pirassununga<\/strong>, no mesmo dia, \u00e0s <strong data-start=\"534\" data-end=\"541\">16h<\/strong>.<\/span><\/p>\n<p data-start=\"544\" data-end=\"891\"><span style=\"font-family: tahoma, arial, helvetica, sans-serif;\">\u27a1\ufe0f <strong data-start=\"547\" data-end=\"579\">Sra. Elizia Te\u00f3filo do Carmo<\/strong>, falecida em <strong data-start=\"593\" data-end=\"612\">Pirassununga\/SP<\/strong>, no dia <strong data-start=\"621\" data-end=\"648\">01 de fevereiro de 2026<\/strong>, aos <strong data-start=\"654\" data-end=\"665\">92 anos<\/strong>.<\/span><br data-start=\"666\" data-end=\"669\" \/><span style=\"font-family: tahoma, arial, helvetica, sans-serif;\">Vi\u00fava, deixa um filho, demais parentes e amigos.<\/span><br data-start=\"717\" data-end=\"720\" \/><span style=\"font-family: tahoma, arial, helvetica, sans-serif;\">Foi velada no <strong data-start=\"734\" data-end=\"771\">Vel\u00f3rio Municipal de Pirassununga<\/strong>, com sepultamento realizado no <strong data-start=\"803\" data-end=\"842\">Cemit\u00e9rio Municipal de Pirassununga<\/strong>, no dia <strong data-start=\"851\" data-end=\"878\">02 de fevereiro de 2026<\/strong>, \u00e0s <strong data-start=\"883\" data-end=\"890\">10h<\/strong>.<\/span><\/p>\n<p data-start=\"893\" data-end=\"940\"><span style=\"font-family: tahoma, arial, helvetica, sans-serif;\"><strong data-start=\"893\" data-end=\"909\">Informa\u00e7\u00f5es:<\/strong> Funer\u00e1ria <strong data-start=\"920\" data-end=\"939\">Dellai &amp; Pelosi<\/strong>.<\/span><\/p>\n<p data-start=\"942\" data-end=\"1070\"><span style=\"font-family: tahoma, arial, helvetica, sans-serif;\">Aos familiares e amigos, o <strong data-start=\"969\" data-end=\"991\">Jornal O Movimento<\/strong> manifesta seus mais sinceros sentimentos e solidariedade neste momento de dor.<\/span><\/p>\n<p style=\"text-align: center;\" data-start=\"0\" data-end=\"27\"><span style=\"font-family: tahoma, arial, helvetica, sans-serif;\">\ud83d\udd4a\ufe0f <strong data-start=\"4\" data-end=\"27\">NOTA DE FALECIMENTO<\/strong><\/span><\/p>\n<p data-start=\"29\" data-end=\"207\"><span style=\"font-family: tahoma, arial, helvetica, sans-serif;\">O <em data-start=\"31\" data-end=\"51\">Jornal O Movimento<\/em> comunica, com profundo pesar, o falecimento de <strong data-start=\"99\" data-end=\"132\">Erivaldo Costa Alves Ferreira<\/strong>, ocorrido em Pirassununga (SP), no dia 16 de janeiro de 2026, aos 35 anos.<\/span><\/p>\n<p data-start=\"209\" data-end=\"332\"><span style=\"font-family: tahoma, arial, helvetica, sans-serif;\">Solteiro, era filho do Sr. Elson Alves Pereira e da Sra. C\u00e9lia Filgueira da Costa Ferreira. Deixa demais parentes e amigos.<\/span><\/p>\n<p data-start=\"334\" data-end=\"498\"><span style=\"font-family: tahoma, arial, helvetica, sans-serif;\">O vel\u00f3rio foi realizado no Vel\u00f3rio Municipal de Pirassununga, e o sepultamento ocorreu no Cemit\u00e9rio Municipal de Pirassununga, no dia 17 de janeiro de 2026, \u00e0s 10h.<\/span><\/p>\n<p data-start=\"500\" data-end=\"543\"><span style=\"font-family: tahoma, arial, helvetica, sans-serif;\"><strong data-start=\"500\" data-end=\"516\">Informa\u00e7\u00f5es:<\/strong> Funer\u00e1ria Dellai &amp; Pelosi.<\/span><\/p>\n<p data-start=\"545\" data-end=\"616\" data-is-last-node=\"\" data-is-only-node=\"\"><span style=\"font-family: tahoma, arial, helvetica, sans-serif;\">Aos familiares e amigos, manifestamos nossos mais sinceros sentimentos.<\/span><\/p>\n<p style=\"text-align: center;\"><span style=\"font-family: tahoma, arial, helvetica, sans-serif;\"><strong data-start=\"0\" data-end=\"48\">\ud83d\udd4a\ufe0f NOTA DE FALECIMENTO \u2013 JORNAL O MOVIMENTO<\/strong><\/span><\/p>\n<p><span style=\"font-family: tahoma, arial, helvetica, sans-serif;\"><img loading=\"lazy\" decoding=\"async\" class=\"aligncenter size-full wp-image-14824\" src=\"https:\/\/www.omovimento.com.br\/jornal\/wp-content\/uploads\/2026\/01\/cats-3.jpg\" alt=\"\" width=\"768\" height=\"513\" srcset=\"https:\/\/www.omovimento.com.br\/jornal\/wp-content\/uploads\/2026\/01\/cats-3.jpg 768w, https:\/\/www.omovimento.com.br\/jornal\/wp-content\/uploads\/2026\/01\/cats-3-300x200.jpg 300w\" sizes=\"auto, (max-width: 768px) 100vw, 768px\" \/><\/span><\/p>\n<p data-start=\"50\" data-end=\"190\"><span style=\"font-family: tahoma, arial, helvetica, sans-serif;\">Faleceu em <strong data-start=\"61\" data-end=\"80\">Pirassununga\/SP<\/strong>, no dia <strong data-start=\"89\" data-end=\"114\">12 de janeiro de 2026<\/strong>, aos <strong data-start=\"120\" data-end=\"131\">78 anos<\/strong>, a <strong data-start=\"135\" data-end=\"189\">Sra. Marlene dos Santos Oliveira (Marlene do GVCC)<\/strong>.<\/span><\/p>\n<p data-start=\"192\" data-end=\"299\"><span style=\"font-family: tahoma, arial, helvetica, sans-serif;\">Divorciada, deixa <strong data-start=\"210\" data-end=\"224\">filhos(as)<\/strong>, demais <strong data-start=\"233\" data-end=\"245\">parentes<\/strong> e <strong data-start=\"248\" data-end=\"258\">amigos<\/strong>, que lamentam profundamente sua partida.<\/span><\/p>\n<p data-start=\"301\" data-end=\"564\"><span style=\"font-family: tahoma, arial, helvetica, sans-serif;\">O <strong data-start=\"303\" data-end=\"314\">vel\u00f3rio<\/strong> ser\u00e1 realizado no <strong data-start=\"333\" data-end=\"370\">Vel\u00f3rio Municipal de Pirassununga<\/strong>, no dia <strong data-start=\"379\" data-end=\"393\">13\/01\/2026<\/strong>, <strong data-start=\"395\" data-end=\"426\">a partir das 08h at\u00e9 as 12h<\/strong>.<\/span><br data-start=\"427\" data-end=\"430\" \/><span style=\"font-family: tahoma, arial, helvetica, sans-serif;\">Em seguida, haver\u00e1 o <strong data-start=\"451\" data-end=\"504\">translado para o Cremat\u00f3rio Monumental Bom Pastor<\/strong>, na cidade de <strong data-start=\"519\" data-end=\"533\">Limeira\/SP<\/strong>, onde ocorrer\u00e1 a <strong data-start=\"551\" data-end=\"563\">crema\u00e7\u00e3o<\/strong>.<\/span><\/p>\n<p data-start=\"566\" data-end=\"613\"><span style=\"font-family: tahoma, arial, helvetica, sans-serif;\"><strong data-start=\"566\" data-end=\"582\">Informa\u00e7\u00f5es:<\/strong> Funer\u00e1ria <strong data-start=\"593\" data-end=\"612\">Dellai &amp; Pelosi<\/strong>.<\/span><\/p>\n<p data-start=\"615\" data-end=\"682\" data-is-last-node=\"\" data-is-only-node=\"\"><span style=\"font-family: tahoma, arial, helvetica, sans-serif;\">\ud83d\udda4 <strong data-start=\"618\" data-end=\"640\">Jornal O Movimento<\/strong><\/span><br data-start=\"640\" data-end=\"643\" \/><span style=\"font-family: tahoma, arial, helvetica, sans-serif;\"><strong data-start=\"643\" data-end=\"682\" data-is-last-node=\"\">Pirassununga, 12 de janeiro de 2026<\/strong><\/span><\/p>\n<p style=\"text-align: center;\"><strong><span style=\"font-family: tahoma, arial, helvetica, sans-serif;\">NOTA DE FALECIMENTO<\/span><\/strong><img loading=\"lazy\" decoding=\"async\" class=\"aligncenter size-full wp-image-14823\" src=\"https:\/\/www.omovimento.com.br\/jornal\/wp-content\/uploads\/2026\/01\/611313353_1419339799763980_2056753958944390698_n.jpg\" alt=\"\" width=\"967\" height=\"1202\" srcset=\"https:\/\/www.omovimento.com.br\/jornal\/wp-content\/uploads\/2026\/01\/611313353_1419339799763980_2056753958944390698_n.jpg 967w, https:\/\/www.omovimento.com.br\/jornal\/wp-content\/uploads\/2026\/01\/611313353_1419339799763980_2056753958944390698_n-241x300.jpg 241w, https:\/\/www.omovimento.com.br\/jornal\/wp-content\/uploads\/2026\/01\/611313353_1419339799763980_2056753958944390698_n-824x1024.jpg 824w, https:\/\/www.omovimento.com.br\/jornal\/wp-content\/uploads\/2026\/01\/611313353_1419339799763980_2056753958944390698_n-768x955.jpg 768w\" sizes=\"auto, (max-width: 967px) 100vw, 967px\" \/><br class=\"html-br\" \/><span style=\"font-family: tahoma, arial, helvetica, sans-serif;\">Com profundo pesar, o Jornal O Movimento comunica o falecimento do Sr. Dalmo Ant\u00f4nio Baldin, ministro da Par\u00f3quia Santa Rita de C\u00e1ssia, ocorrido em Pirassununga, nesta quarta-feira (7), aos 69 anos.<\/span><br class=\"html-br\" \/><br class=\"html-br\" \/><span style=\"font-family: tahoma, arial, helvetica, sans-serif;\">Casado com a Sra. Nailda Aparecida de Carli Baldin, deixa dois filhos, al\u00e9m de familiares e amigos. Sua trajet\u00f3ria foi marcada pela f\u00e9, dedica\u00e7\u00e3o e servi\u00e7o \u00e0 comunidade.<\/span><br class=\"html-br\" \/><br class=\"html-br\" \/><span style=\"font-family: tahoma, arial, helvetica, sans-serif;\">O vel\u00f3rio ser\u00e1 realizado na Par\u00f3quia Santa Rita de C\u00e1ssia, nesta quinta-feira (<span class=\"html-span xexx8yu xyri2b x18d9i69 x1c1uobl x1hl2dhg x16tdsg8 x1vvkbs x3nfvp2 x1j61x8r x1fcty0u xdj266r xat24cr xm2jcoa x1mpyi22 xxymvpz xlup9mm x1kky2od\"><img loading=\"lazy\" decoding=\"async\" class=\"xz74otr x15mokao x1ga7v0g x16uus16 xbiv7yw\" src=\"https:\/\/static.xx.fbcdn.net\/images\/emoji.php\/v9\/t83\/1\/16\/1f60e.png\" alt=\"\ud83d\ude0e\" width=\"16\" height=\"16\" \/><\/span>, das 7h \u00e0s 14h. O sepultamento ocorrer\u00e1 no Cemit\u00e9rio Parque Bom Jesus, \u00e0s 14h30.<\/span><br class=\"html-br\" \/><br class=\"html-br\" \/><span style=\"font-family: tahoma, arial, helvetica, sans-serif;\">Informa\u00e7\u00f5es: Funer\u00e1ria Dellai &amp; Pelosi.<\/span><\/p>\n<input type=\"hidden\" id=\"baseurl\" value=\"https:\/\/www.omovimento.com.br\/jornal\"><input type=\"hidden\" id=\"audio_nonce\" value=\"14c06bb3ff\">","protected":false},"excerpt":{"rendered":"<p>\ud83d\udd4a\ufe0f NOTA DE FALECIMENTO O Jornal O Movimento comunica, com profundo pesar, o falecimento da Sra. Geralda Ramos, ocorrido em Pirassununga\/SP, na segunda-feira (16), aos 61 anos.&hellip;<\/p>\n","protected":false},"author":1,"featured_media":14824,"parent":0,"menu_order":0,"comment_status":"closed","ping_status":"closed","template":"","meta":{"footnotes":""},"class_list":["post-14822","page","type-page","status-publish","has-post-thumbnail","hentry"],"_links":{"self":[{"href":"https:\/\/www.omovimento.com.br\/jornal\/wp-json\/wp\/v2\/pages\/14822","targetHints":{"allow":["GET"]}}],"collection":[{"href":"https:\/\/www.omovimento.com.br\/jornal\/wp-json\/wp\/v2\/pages"}],"about":[{"href":"https:\/\/www.omovimento.com.br\/jornal\/wp-json\/wp\/v2\/types\/page"}],"author":[{"embeddable":true,"href":"https:\/\/www.omovimento.com.br\/jornal\/wp-json\/wp\/v2\/users\/1"}],"replies":[{"embeddable":true,"href":"https:\/\/www.omovimento.com.br\/jornal\/wp-json\/wp\/v2\/comments?post=14822"}],"version-history":[{"count":7,"href":"https:\/\/www.omovimento.com.br\/jornal\/wp-json\/wp\/v2\/pages\/14822\/revisions"}],"predecessor-version":[{"id":15473,"href":"https:\/\/www.omovimento.com.br\/jornal\/wp-json\/wp\/v2\/pages\/14822\/revisions\/15473"}],"wp:featuredmedia":[{"embeddable":true,"href":"https:\/\/www.omovimento.com.br\/jornal\/wp-json\/wp\/v2\/media\/14824"}],"wp:attachment":[{"href":"https:\/\/www.omovimento.com.br\/jornal\/wp-json\/wp\/v2\/media?parent=14822"}],"curies":[{"name":"wp","href":"https:\/\/api.w.org\/{rel}","templated":true}]}}